a factor of 248893312?
True
Is 9 a factor of 261849959?
False
Is 515 a factor of 36179973?
False
Is 2592012 a multiple of 12?
True
Is 42126420 a multiple of 249?
False
Does 590 divide 727291427?
False
Does 7 divide 5377834?
True
Does 7 divide 4701736?
False
Is 14998700 a multiple of 254?
True
Is 30 a factor of 1058783220?
True
Does 92 divide 194321755?
False
Does 137 divide 27531334?
False
Does 81 divide 40558743?
False
Does 149 divide 901408258?
False
Does 7691 divide 489127024?
False
Does 2 divide 62551583?
False
Does 339 divide 281870364?
True
Is 27782006 a multiple of 400?
False
Is 108 a factor of 9091980?
True
Is 88 a factor of 561400840?
True
Does 115 divide 239596685?
False
Does 6 divide 8503945?
False
Does 176 divide 4401232?
True
Is 274278261 even?
False
Is 207 a factor of 4599719?
False
Is 53467385 a multiple of 675?
False
Is 170 a factor of 125782767?
False
Is 84784436 a multiple of 44?
True
Is 772650 a multiple of 6?
True
Is 4768010 a multiple of 10?
True
Is 436130000 a multiple of 50?
True
Is 176530416 a multiple of 12?
True
Is 97968270 a multiple of 1650?
False
Is 1137218498 a multiple of 26?
True
Is 41107072 a multiple of 9?
False
Does 147 divide 8447731?
False
Is 2022 a factor of 382257078?
True
Does 34 divide 29326538?
False
Is 12 a factor of 5905498308?
True
Is 1722873126 a multiple of 699?
False
Is 199987394 a multiple of 227?
False
Is 433 a factor of 7816949?
True
Is 229800665 a multiple of 1535?
False
Does 3629 divide 454427009?
True
Does 882 divide 5747994?
True
Does 12 divide 34655488?
False
Does 81 divide 221989491?
True
Is 1865 a factor of 38881520?
True
Does 17 divide 121632327?
False
Is 161566636 a multiple of 47?
True
Is 15317786 a multiple of 6?
False
Does 154 divide 983889519?
False
Is 68 a factor of 55721726?
False
Does 3809 divide 275493184?
False
Is 3385901184 a multiple of 6278?
True
Is 1425645360 a multiple of 14?
False
Is 14 a factor of 30145542?
True
Is 14876764 a multiple of 13?
False
Does 1686 divide 739689903?
False
Is 15 a factor of 18302280?
True
Is 195812318 a multiple of 746?
True
Is 1036539949 a multiple of 80?
False
Is 188 a factor of 150401435?
False
Does 69 divide 316685902?
False
Does 5 divide 142750545?
True
Does 1523 divide 48124340?
False
Is 31392464 a multiple of 157?
True
Is 1157171260 a multiple of 3710?
True
Does 6771 divide 30218973?
True
Does 363 divide 9960357?
True
Is 125 a factor of 67250?
True
Is 2374 a factor of 36958432?
True
Is 4 a factor of 10250284?
True
Is 1233 a factor of 693414540?
True
Does 6 divide 56695555?
False
Does 4 divide 17103960?
True
Does 718 divide 65417698?
True
Is 9 a factor of 77438870?
False
Is 139818006 a multiple of 74?
False
Is 990 a factor of 23884162?
False
Is 32 a factor of 4084405664?
True
Does 1045 divide 716822975?
True
Does 425 divide 206730200?
True
Is 234 a factor of 39036114?
True
Is 4 a factor of 481466?
False
Does 2 divide 1229117829?
False
Does 17 divide 1979769?
True
Does 203 divide 65764286?
True
Does 5 divide 345678160?
True
Is 1778 a factor of 76961366?
False
Does 45 divide 13066695?
True
Is 403657352 a multiple of 122?
False
Is 852 a factor of 30869693?
False
Is 208991012 a multiple of 354?
False
Is 1683387328 a multiple of 7504?
True
Is 80 a factor of 4370963?
False
Is 1758637805 a multiple of 124?
False
Does 5166 divide 1053786207?
False
Is 27 a factor of 751942957?
False
Is 1061 a factor of 22850485?
False
Does 712 divide 9392091?
False
Does 921 divide 263090384?
False
Does 611 divide 25680829?
False
Is 758277636 a multiple of 122?
False
Is 114469127 a multiple of 42?
False
Is 199 a factor of 4353138751?
False
Is 597716201 a multiple of 11?
False
Does 650 divide 285980500?
True
Does 11 divide 57820796?
True
Is 496 a factor of 30678096?
True
Is 741658670 a multiple of 1055?
True
Is 14 a factor of 63370760?
False
Does 48 divide 23681328?
True
Is 75027103 a multiple of 28?
False
Is 14 a factor of 190224328?
True
Does 506 divide 298078031?
False
Is 3115 a factor of 3496021533?
False
Is 483 a factor of 246374436?
True
Is 78 a factor of 799037382?
True
Is 184354344 a multiple of 1236?
True
Is 25 a factor of 1489050?
True
Does 41 divide 198768533?
True
Does 4 divide 14453412?
True
Does 4786 divide 918706202?
True
Does 60 divide 638864520?
True
Does 4 divide 25846784?
True
Does 17 divide 11821267?
False
Is 211 a factor of 11531986?
False
Does 767 divide 362112187?
False
Is 1656 a factor of 150540336?
True
Is 40315873 a multiple of 13?
True
Is 12 a factor of 525309288?
True
Is 137 a factor of 359489644?
True
Is 576 a factor of 438581952?
True
Is 17331926 a multiple of 1306?
True
Is 153 a factor of 106935066?
True
Is 455140268 a multiple of 638?
True
Does 12 divide 286296756?
True
Is 63 a factor of 1949819222?
False
Is 4933 a factor of 282207064?
True
Is 201485341 a multiple of 772?
False
Does 1610 divide 1458631682?
False
Does 33 divide 17288007?
True
Does 1731 divide 536951007?
True
Does 5 divide 13554380?
True
Does 68 divide 78736726?
False
Is 15 a factor of 84177209?
False
Is 1005 a factor of 190683675?
True
Is 4139 a factor of 1241869699?
True
Is 307249052 a multiple of 4246?
True
Does 38 divide 1505978?
True
Does 863 divide 4572174?
True
Does 659 divide 224568089?
True
Is 17 a factor of 1344539701?
False
Is 36136498 a multiple of 60?
False
Does 1124 divide 7026573?
False
Does 14 divide 776324290?
True
Does 19 divide 427663590?
True
Does 97 divide 37621313?
False
Does 206 divide 336397382?
True
Does 229 divide 24950010?
False
Does 5 divide 50979011?
False
Is 24 a factor of 2318412?
False
Is 77 a factor of 211363922?
True
Is 4997 a factor of 241475590?
False
Does 9083 divide 249827915?
True
Is 797447321 a multiple of 3006?
False
Is 40639815 a multiple of 9?
True
Does 1465 divide 181262985?
True
Does 3 divide 37539016?
False
Does 598 divide 14722162?
True
Is 192155234 a multiple of 33?
False
Does 853 divide 16552731?
False
Does 73 divide 215860307?
False
Is 2458270734 a multiple of 16?
False
Is 131392896 a multiple of 201?
True
Does 80 divide 19421120?
True
Does 498 divide 232788384?
False
Is 82069626 a multiple of 74?
True
Is 149 a factor of 659269934?
False
Does 730 divide 719765825?
False
Does 52 divide 7889232?
True
Is 60 a factor of 457301100?
True
Does 70 divide 677234530?
True
Does 1262 divide 2728085478?
False
Is 13 a factor of 3283780006?
True
Is 86408235 a multiple of 15?
True
Is 550780597 a multiple of 10?
False
Does 19 divide 488995875?
True
Is 2823 a factor of 862522482?
True
Is 16 a factor of 4611008?
True
Is 65706913 a multiple of 659?
True
Does 106 divide 70581907?
False
Is 20 a factor of 37474551?
False
Does 28 divide 6385025840?
False
Is 14 a factor of 143498796?
True
Is 11 a factor of 3997475119?
True
Is 37795945 a multiple of 1015?
False
Is 11 a factor of 65864427?
False
Is 10 a factor of 34565050?
True
Is 224 a factor of 15702943?
False
Does 25 divide 23084041?
False
Is 559 a factor of 31522569?
True
Is 9006305 a multiple of 5?
True
Is 23 a factor of 400712739?
True
Does 728 divide 8596224?
True
Is 50 a factor of 12238963?
False
Is 4 a factor of 111030164?
True
Is 42364303 a multiple of 5?
False
Is 3 a factor of 21091190?
False
Is 23125254 a multiple of 156?
False
Does 1602 divide 31388861?
False
Does 6 divide 126469572?
True
Is 678 a factor of 12982640?
False
Does 90 divide 744559650?
True
Is 65 a factor of 192816260?
True
Is 33143329 a multiple of 6?
False
Does 934 divide 624578876?
True
Is 482366607 a multiple of 57?
False
Is 49 a factor of 710559615?
False
Does 12 divide 51578950?
False
Is 50348760 a multiple of 462?
True
Is 1103 a factor of 111603767?
False
Is 22 a factor of 2949379334?
True
Is 494 a factor of 1649652?
False
Does 1221 divide 118865571?
True
Is 2347 a factor of 12562012?
False
Does 489 divide 914911261?
False
Is 46167741 a multiple of 1790?
False
Is 43673927 a multiple of 11?
True
Is 3 a factor of 1004511232?
False
Is 241 a factor of 1115366316?
True
Is 22 a factor of 5664956?
True
Is 4 a factor of 17741448?
True
Is 1620 a factor of 24341454?
False
Does 742 divide 86847474?
False
Is 935869734 a multiple of 141?
True
Is 13581614 a multiple of 13?
False
Is 304 a factor of 93673952?
True
Does 2808 divide 89777376?
True
Is 14934289 a multiple of 1491?
False
Is 238644571 a multiple of 129?
False
Is 72